*2 - 31*x + 11. List the prime factors of z(-7).
2, 17, 73
Suppose -993*n = -1001*n + 280. What are the prime factors of n?
5, 7
Let m be (-8)/6*(-72)/8. Let i(s) = s**2 - s - 19. Let p be i(5). Let n = m + p. What are the prime factors of n?
13
Let v be (-4)/(4/1) + 649. What are the prime factors of (v/(-90))/(1/(-5))?
2, 3
Let n(j) = -j**3 + 25*j**2 - 20*j - 8. List the prime factors of n(17).
2, 491
Suppose 2*d - 36 = 2*w, 5*w + 4*d - 11 + 56 = 0. Let i = -8 - w. Suppose i*n - 32 = -2. What are the prime factors of n?
2, 3
Let a(l) = 23*l**3 + l**2 - 6*l + 3. List the prime factors of a(2).
179
Suppose 0 = -5*v + 5*t + 14745, 0 = -v + 46*t - 43*t + 2953. List the prime factors of v.
7, 421
Let h be (-5)/(-2)*(-552)/(-115). Let w(m) = 13*m - 47. List the prime factors of w(h).
109
Let o(y) = 173*y - 9. Let c(u) = -173*u + 9. Let j(t) = 4*c(t) + 5*o(t). List the prime factors of j(1).
2, 41
Let m = 963 + -684. List the prime factors of m.
3, 31
Suppose 26 = -5*m + 476. Suppose 0 = -5*z, 0 = 5*d + 2*z + 2*z - m. List the prime factors of (-568)/(-72) - (-2)/d.
2
What are the prime factors of ((-6)/(-9) + (-345072)/72)/(-2)?
2, 599
Suppose 2*p = 2*o - 3896, -3*o + 11*p + 5859 = 13*p. List the prime factors of o.
1951
Let k be -3*(-3 - (-12)/9). Suppose g - k*g + 5*a = -161, 5*g - a - 175 = 0. What are the prime factors of g?
2, 17
Let k = 30 + -15. What are the prime factors of k?
3, 5
Suppose -4*q - 1862 = -5*p, -2*q - 3*q - p - 2313 = 0. Let x = q + 648. List the prime factors of x.
5, 37
Let t(l) = -l**3 + 3*l**2 + 9*l + 8. Let w = 69 + -73. List the prime factors of t(w).
2, 3, 7
Suppose 10246*u + 30320 = 10254*u. List the prime factors of u.
2, 5, 379
What are the prime factors of (-1 + (-7)/(-4))*(675 + 93)?
2, 3
Suppose -33*g + 27*g = -4290. List the prime factors of g.
5, 11, 13
Let i(r) be the second derivative of -r**5/20 - r**4/6 + r**3/3 + r**2 + 5*r. Let u be 26/(-8) - (-5)/(-60)*-3. What are the prime factors of i(u)?
5
Suppose 2*z = 2*r + 33 + 71, -5*r - 5 = 0. Let m = z + -21. Suppose -102 = -6*v - m. List the prime factors of v.
2, 3
Suppose 4*v - q = -2113, v + 1578 = -2*v + 3*q. Let h = -300 - v. What are the prime factors of h?
229
Let g(f) = f + 11. Let o be g(-17). What are the prime factors of ((-4)/(-6))/(o/(-387))?
43
Let h(c) = c**2 + c + 27. Let i be h(5). Let f = 127 + i. List the prime factors of f.
2, 23
Let o(u) = 62*u**2 + 8*u + 7. List the prime factors of o(-4).
967
List the prime factors of 1275 + (-12)/(-1) + -12.
3, 5, 17
Let n be -1*10/2*24/(-30). Suppose -10*p + n = -16. What are the prime factors of p?
2
Let j(y) be the second derivative of y**4/12 - 5*y**3/3 - 13*y**2/2 - 5*y. Let o be j(11). Let u = 10 + o. List the prime factors of u.
2
Let a be 6/(-4) + 25/(-2). Let k be (21/(-6) - -3)*4. What are the prime factors of k/a - (-1950)/70?
2, 7
Let p be 2 + (0 - 0*(0 + 1)). Suppose 142 = -5*z - 4*b + 676, 2*z + p*b = 212. List the prime factors of z.
2, 5, 11
List the prime factors of 0 + (-74836)/(-36) + (-18)/(-81).
3, 7, 11
Suppose 3*b - 2*l = 369, 2*b + l - 378 = -b. List the prime factors of b.
5
Let d(c) = c**3 - 11*c**2 - 10*c - 14. Let m be d(13). Suppose -388 = -6*w + m. List the prime factors of w.
97
Suppose 0 = -b - 5*w - 6, -4*b = -4*w + 77 - 5. Let s = b + 252. List the prime factors of s.
2, 59
Let u(v) = -3*v + 18 + 4*v - 2*v. Suppose -12 = 6*f + 72. List the prime factors of u(f).
2
Let f = -29 + 45. Suppose f = 5*p - p. Suppose m - 60 = -5*g + p*m, m - 50 = -3*g. List the prime factors of g.
3, 5
Let k = -23 + 25. Suppose 0 = -k*j - j + 471. List the prime factors of j.
157
Let v be ((-16)/2)/(2/(-4)). Suppose 3*p = 4*s + v + 21, 3*s + 5 = -p. Suppose p*h = 246 + 41. List the prime factors of h.
41
Let i be 9/(-3) + -4 + (-2 - -3). List the prime factors of (-40 + 2 + i)*-1.
2, 11
Suppose 19 = 5*v + 2*n, -v - 15 = -4*v - 3*n. Let t = -15 + 43. Suppose -v*m + t = 1. List the prime factors of m.
3
Suppose k = -0*k + 4*t + 770, 2302 = 3*k - 4*t. List the prime factors of k.
2, 383
Suppose 2*b - 47 = 3*c, c + 3*c = -20. Suppose -196 = -4*v - b. Suppose 2*q - v = -3*q. What are the prime factors of q?
3
Let m(b) = -b**2 + 4*b + 37. Let a be m(-5). Let z(r) = -8*r**3. Let x be z(-2). Let o = a + x. What are the prime factors of o?
2, 7
Let t = 116 - 68. Suppose h - t - 255 = -5*i, 2*i = 4*h - 1190. List the prime factors of h.
2, 149
Let s = -698 - -985. List the prime factors of s.
7, 41
Let c(o) = 42*o - 2 + 21*o - 2*o. List the prime factors of c(1).
59
Suppose 0 = -3*c - 9*n + 4*n - 21, 0 = -3*c - n - 9. What are the prime factors of c + 5 + -1 + 239?
241
Let n(d) be the third derivative of d**7/1680 - d**6/90 + d**5/12 + d**2. Let b(j) be the third derivative of n(j). What are the prime factors of b(5)?
7
Suppose 45731 - 7617 = 17*s. List the prime factors of s.
2, 19, 59
Suppose -4*a + 211 = p, -a + 54 = -p - 0. List the prime factors of a.
53
Let w(n) be the first derivative of -n**2/2 - 8*n + 11. Let m be w(-5). Let i(u) = -4*u**3 - 3*u**2 + 3*u + 1. List the prime factors of i(m).
73
Let w = 134 - 254. What are the prime factors of ((-26)/4)/(5/w)?
2, 3, 13
Let b(h) be the second derivative of h**4/12 - 13*h**3/6 + 15*h**2/2 - 9*h. Let r be b(12). List the prime factors of r/2 + (-339)/(-6).
2, 29
Let l = 2313 - 1328. What are the prime factors of l?
5, 197
Suppose 3*d - 8 = -5*w + 39, -4*w + 5*d = -8. Let u = w - 3. Suppose -2*f = -u*j - 44, -3*f + 25 + 41 = -j. List the prime factors of f.
2, 11
Suppose 35*x + 3*x - 54872 = 0. List the prime factors of x.
2, 19
Let v(i) = -129*i + 1. What are the prime factors of v(-4)?
11, 47
Suppose 9*h + 9 = -9. What are the prime factors of (h - 6/(-5))/((-4)/440)?
2, 11
List the prime factors of (3 - -5)*(-1 - -101).
2, 5
Let r(a) = -4*a + 7. Let b be (-192)/(-33) - 2/(-11). Suppose 8 = -b*l - 40. List the prime factors of r(l).
3, 13
Let g(q) = q**2 - 6. Suppose 6 - 17 = 2*a - 3*o, -31 = 4*a - 3*o. List the prime factors of g(a).
2, 47
Let m(s) be the third derivative of s**5/15 - s**4/12 - 5*s**2. Let a be m(4). Suppose 2*n - 4*o - a = -0*n, -4*n + 103 = -5*o. List the prime factors of n.
2, 11
Let l be (-12)/10*(-60)/18. Suppose 4*a = 4*g + 8, l*a + g + 6 = -2*g. Suppose -d - 2*d - 39 = -3*z, a = 3*d - 6. List the prime factors of z.
3, 5
Let s be 57 + 2 + 0 + -1. Let h = 4 + s. What are the prime factors of h?
2, 31
Let p(h) = 2*h**3 - 7*h**2 + 5*h + 1. Let x = 59 + -54. What are the prime factors of p(x)?
101
Suppose 5*p - 2*v - 1914 = -0*p, -2*v = 4*p - 1542. Suppose 4*u = q + 320, 5*u + 2*q - 16 = p. List the prime factors of u.
2, 5
Let t(s) = -1302*s - 167. List the prime factors of t(-1).
5, 227
Suppose 2*q = -3*g + q + 1130, 0 = -5*g + q + 1886. List the prime factors of g.
13, 29
Suppose 3*i - 443 + 5 = 0. Suppose -i = -9*s + 250. List the prime factors of s.
2, 11
Suppose 3*u - 679 = -3*d + 107, -2*u = 3*d - 790. What are the prime factors of d?
2, 7, 19
Let f = -3983 + 8150. List the prime factors of f.
3, 463
Let a(h) = -h + 1. Let v(g) = 5. Let s(w) = -18*a(w) + 2*v(w). What are the prime factors of s(5)?
2, 41
Suppose n = -y - 66, 2*y - 2*n + 188 = -y. Let v = y - -114. List the prime factors of v.
2, 5
Let g(r) = -250*r - 708. What are the prime factors of g(-7)?
2, 521
Let n = -4229 - -8017. What are the prime factors of n?
2, 947
Let x(m) = 45*m**2 - 12*m - 6. What are the prime factors of x(-6)?
2, 3, 281
Suppose 1596 = 10*l - 11474. What are the prime factors of l?
1307
Suppose 108 = 2*q - 2*w - 200, -4*w = -4. List the prime factors of q.
5, 31
Suppose 3*w = 4*a - 3063, 0*a = 2*a + w - 1529. What are the prime factors of a?
3, 5, 17
Suppose 11*i = 6*i + 115. Let d = i - 14. Suppose a - d = 5*g - 244, -3*g + 3*a = -141. List the prime factors of g.
47
Let c = -4644 + 6976. List the prime factors of c.
2, 11, 53
Suppose -10*w - 81 + 8371 = 0. List the prime factors of w.
829
Let h = 247 - -7. Let z = -141 + h. List the prime factors of z.
113
Suppose -4 = -2*b, -2*b + 33 - 13 = 4*i. Let d be (-1)/i + (-387)/(-12). Suppose -d - 118 = -3*l - 3*a, 4*l - 224 = 4*a. What are the prime factors of l?
53
Let y = 1679 - 1603. What are the prime factors of y?
2, 19
Suppose -7*d = -10*d + 4*s + 5226, -4*d + 4*s = -6968. What are